of i?
3
Suppose 2*l + 339 - 346 = 5*m, -4*l + 3 = m. Suppose -5*b + 8 = -f, -4*f - 2*b + 10 = -b. What is the units digit of f - l*485/(-5)?
9
Suppose 10*g = -5916 - 6364. What is the hundreds digit of -1*1 + 10/(-40)*g?
3
Let r(b) = -86 + 2*b**2 - 3*b**2 + 106 + 4*b**2. What is the units digit of r(12)?
2
Let h = 744 + -1128. Let p = -152 - h. What is the hundreds digit of p?
2
Let o be -16*(1/(-6))/(7/(-21)). What is the hundreds digit of (-3508)/o - (2 - 5/2)?
4
Suppose 9*l = 10*l + p + 3, -3*p - 3 = 2*l. Let v be 2 + 1 + (-92)/(-1). Let r = v + l. What is the tens digit of r?
8
Suppose -24*h = -940270 - 986210. What is the units digit of 4/14 + h/70?
7
Let v(w) = w**3 + 6*w**2 - 2*w - 19. Let m be v(-5). Suppose m*u = 6*u + 4360. What is the tens digit of u?
3
Suppose 541*r + 16472 = 543*r - q, -r = -5*q - 8227. What is the hundreds digit of r?
2
Suppose 4 = u, u + 10708 = 4*h - 3*u. Suppose 26*t - h = 283. What is the tens digit of t?
1
What is the tens digit of -17932*(4/7 + (-1902)/168 + 10)?
4
Let s(c) = 8*c**2 + 20*c - 26. Let v be s(-6). Suppose v*b = 158*b - 6464. What is the tens digit of b?
0
Let k be 1/15 + (-1265026)/(-210). Suppose 0 = j - 13*j + k. What is the units digit of j?
2
Suppose 2*i - 4*i + 5*z = -9, 4 = 3*i + 2*z. Suppose -5*k + 28 = h, 5*h = i*h - 5*k + 34. Suppose -2*y = -2, h*y - 1 + 82 = m. What is the tens digit of m?
8
Let t(g) = 5*g**2 + 8*g - 9. Let s be t(-9). Suppose 0 = -6*k + s + 54. Let v = k + 11. What is the units digit of v?
4
Let a be ((-12760)/(-30))/(4/510). Suppose 69*m = 35*m + a. What is the tens digit of m?
9
Let r be (9/(-6))/((-14373)/3594 + 4). Let j = -1127 - r. What is the tens digit of j?
7
Let f = -76772 + 110184. What is the tens digit of f?
1
Suppose 1725 = -2*w - 3*w. Let z be w/(-7) - 2/7. Suppose -4*n = 5*t - 362, 23 = t + n - z. What is the units digit of t?
4
Let f = 194 + -189. Suppose -3*o + f*u + 10 = -18, u + 6 = o. What is the units digit of o?
1
Suppose -15*v - 600 = -5*v. Let w = v - -67. Suppose 2*c = w*c - 670. What is the hundreds digit of c?
1
Let y = -3976 - -13686. What is the hundreds digit of y?
7
Let s = -258 + 261. Suppose s*w = -2*k + 720, 2*w - 390 = 3*k + 90. What is the hundreds digit of w?
2
Let c = -145 - -91. Let y = c + 49. What is the tens digit of (1 + 5)*y/((-15)/6)?
1
Let d(c) = -22*c + 24. Let g be d(1). Suppose g*n - 743 = 283. What is the units digit of n?
3
Suppose 5*p = 5*z - 40, -z + 23 = p + p. Let y(i) = -i**3 + 13*i**2 + 32*i + 7. What is the tens digit of y(z)?
2
What is the tens digit of (368/24)/((-1)/(-4) + (-628)/2640)?
6
Suppose 21532 - 72005 = -17*l. What is the hundreds digit of l?
9
Suppose -b - 30 = -52. Suppose 0*s = b*s - 4950. What is the units digit of s?
5
Let d(i) = 378*i**2 - 4*i - 140. What is the units digit of d(-7)?
0
Let g = -3 - -8. Suppose 6*r - g*r = 84. What is the units digit of r - 0 - (-7 - -3)?
8
Suppose 66 = 3*t + 69. Let w be (0 - t) + (13 - 12). Suppose 510 = 2*o - 3*u, w*o + 4*u - 3*u = 526. What is the units digit of o?
1
Let s(z) = 1420*z + 12869. What is the hundreds digit of s(40)?
6
Let x = -73 - -83. Let s be -113*(1 + -4) - -3. Suppose x*n - s = 7*n. What is the units digit of n?
4
Suppose 2*g + 93*d = 94*d + 24985, -2*d = 5*g - 62458. What is the thousands digit of g?
2
Suppose 2*i + 0*i = -5*i. What is the hundreds digit of 1362 + 0 + (-15)/(-3 - i)?
3
Suppose 2*f = c, c - 4*f - 6 = -0*c. What is the units digit of 31768/30 - c/90?
9
Suppose 0 = -15*w + 19*w - 5*d - 137338, -3*w + 4*d = -103004. What is the thousands digit of w?
4
Suppose 60*y - 62*y - 4*x + 73656 = 0, 0 = 4*x. What is the units digit of y?
8
Let y(g) = -10*g + 37. Let p be y(4). Let d(x) = 29*x**2 - 9*x - 25. What is the hundreds digit of d(p)?
2
Let t(n) = -n**2 + 5*n - 3. Let d be t(3). Suppose -5*f + p + 5 = -3, 3*f + d = -2*p. What is the tens digit of (f - 0)*1034/22?
4
Let m = -217 - -947. Let a = -259 + m. What is the tens digit of a?
7
Suppose -17*g - 3250 = -2*a - 15*g, -3*a = -4*g - 4871. What is the units digit of a?
9
Suppose 0*y = 2*y - 3*y. Suppose y = -g + 4*g + 1812. What is the tens digit of 6/(-5)*(-2 - g/(-8))?
9
Suppose -99*o = -96*o - 9. Let x be -3 - (-1 - (5 + 2)). Suppose 3*g + x*v - 396 = 0, 2*v - 234 = -o*g + 153. What is the hundreds digit of g?
1
Suppose -k - 236 = 5*y + 129, 0 = -2*k - 2*y - 738. Let n = 1533 + k. Suppose 3516 - n = 13*s. What is the units digit of s?
1
Let v(u) = u**3 - u**2 + u + 315. Let b be v(0). Let o be ((-96)/14)/((-15)/b). What is the units digit of (-2)/9 - (-10256)/o?
1
Suppose 3*i = -14*i + 84541. What is the hundreds digit of i?
9
Suppose 2*g = -13*g + 30. Suppose 0 = g*z - i - 0 - 52, 2*z + i - 44 = 0. What is the tens digit of z?
2
Suppose 5*d = -z + 24, -3*d - 4*z + 9 = -2. Suppose -d = 3*p - 311. Suppose -5*c + 4*l + 459 = -75, c = 2*l + p. What is the units digit of c?
0
Suppose b + b = 20. Let m(r) = -r**2 + 9*r + 12. Let v be m(b). Suppose 3*z = -3*w + 84, v*z - 112 = -2*z + w. What is the tens digit of z?
2
Let b = -11896 + 17804. What is the hundreds digit of b?
9
Let m(i) = -3730*i - 111. What is the units digit of m(-6)?
9
Suppose 4*s - 3807 = 4993. Suppose 0 = 23*a + s - 6409. What is the units digit of a?
3
Suppose 0 = 513*v - 514*v + 3*i + 627, -4*i - 620 = -v. What is the tens digit of v?
4
Let q = 26336 + -16313. What is the tens digit of q?
2
Suppose 0 = 5*l + 3*z - 176829, -2*z - 84307 = -4*l + 57187. What is the ten thousands digit of l?
3
What is the units digit of (-14476536)/(-1476) + -19 - 4/(-82)?
9
Let g(f) = 68*f**2 + 156*f + 4. Let o be g(-7). Suppose 13*h - 9*h - o = 0. What is the units digit of h?
1
Suppose -4*x = 5*o + 20, 2*o - 36*x + 38*x = -8. What is the units digit of (20/(-30))/(o/510)?
5
Let g be -4503 + -1 + (-11 + 23 - 11). What is the hundreds digit of (9/(-12))/(g/1500 + 3)?
3
Let g(y) = y + 32. Let l(a) = 3*a + 95. Let m(z) = 11*g(z) - 4*l(z). Let f be m(-28). Suppose -20*o + 9*o + 1254 = f. What is the hundreds digit of o?
1
Let m = -21192 - -39917. What is the units digit of m?
5
Let j = -1039 + 1553. Suppose -c - j = -4*k, k = -2*c - 40 + 164. What is the hundreds digit of k?
1
Let d be (-1)/(((-49)/(-28))/(-7)). Suppose -4*f - 774 = -m, 3*f - d*f - 3081 = -4*m. What is the hundreds digit of m?
7
Suppose 9*i - 12*i + 9 = 0. Suppose 0 = s + c + 1, -3 = -i*s - 2*c - 4. What is the hundreds digit of (4/s)/4 + 168?
1
Let s = 820 + -538. Suppose 8*t - s = 342. What is the tens digit of t?
7
Suppose 0*y + y - 65 = -4*q, -y - 25 = -2*q. Let a be (-48)/24*25/1. Let j = q - a. What is the tens digit of j?
6
Let w(p) = p**3 + 66 + 17*p**2 + 14*p**2 + 79*p - 19*p. What is the units digit of w(-28)?
8
Let b(v) = v - 20. Let p = 30 + -14. Let d be b(p). What is the tens digit of (-2)/((d/35)/2)?
3
What is the hundreds digit of (491 + -1)*(-3542)/(-1265)?
3
Suppose 0 = -64*v - 6*v - 19*v + 105910. What is the hundreds digit of v?
1
Suppose -2*t + 43 + 108 = 5*x, t + 95 = 3*x. Suppose -5225 = 12*w - x*w. What is the tens digit of w?
7
Let v = 29709 - 13136. What is the hundreds digit of v?
5
Let t(g) = -g + 65. Let a be t(14). What is the units digit of (34/a)/((-2)/(-561))?
7
Let v = -4611 - -6877. What is the hundreds digit of v?
2
Suppose 7*f = 5*f + 7664. Suppose 11*i - f = 7*i. What is the tens digit of i?
5
Let q(h) = -h**3 - 18*h**2 - 18*h - 11. Suppose 48 = -4*v - 2*j - 3*j, 3*v + 39 = -3*j. Let x be q(v). Suppose x*z + 611 = 1961. What is the tens digit of z?
2
Suppose 5*u + 5*i - 5900 = 9*u, 5*u = -3*i - 7338. What is the hundreds digit of 4 + -4 + -1 + u/(-5)?
2
Let d = 715 - 1002. Let j = d + 307. What is the units digit of j?
0
Suppose -60 = -3*a - b, -30*a - 80 = -34*a - 4*b. Suppose -a*r + 2370 = -15*r. What is the units digit of r?
4
Suppose -68769 - 74617 = -39*d - 47524. What is the thousands digit of d?
2
Let x(w) = -34*w + 11. Let h(z) = -2*z - 1. Let f(c) = 5*h(c) + x(c). What is the hundreds digit of f(-7)?
3
Suppose -7*b - 4*m - 444 = -3*b, 5*b = m - 585. Let y = 275 + b. Let k = y - 84. What is the tens digit of k?
7
Let a(v) = -320*v**3 - 2*v**2 - 19*v - 41. What is the units digit of a(-2)?
9
Suppose 0 = -5*u + 5, 2*u - 3583 = -2*s + 7*u. Let d = s - 410. What is the thousands digit of d?
1
Let h(x) = -x**2 - 12*x 